vided by 1203.
1199
What is the remainder when 937232 is divided by 3?
2
What is the remainder when 177035921 is divided by 1708?
13
What is the remainder when 8496007 is divided by 243?
241
What is the remainder when 11136815 is divided by 22?
19
Calculate the remainder when 804789 is divided by 19.
6
What is the remainder when 5075335 is divided by 483?
454
What is the remainder when 8017687 is divided by 363?
106
Calculate the remainder when 5540355 is divided by 10821.
3
Calculate the remainder when 173372 is divided by 9096.
548
What is the remainder when 4230631 is divided by 78345?
1
What is the remainder when 129904 is divided by 239?
127
What is the remainder when 84837 is divided by 14112?
165
What is the remainder when 136157 is divided by 68075?
7
What is the remainder when 93343405 is divided by 18?
13
What is the remainder when 373689 is divided by 1382?
549
Calculate the remainder when 210478 is divided by 2812.
2390
Calculate the remainder when 133211 is divided by 1253.
393
What is the remainder when 495789 is divided by 1362?
21
Calculate the remainder when 343093 is divided by 4492.
1701
What is the remainder when 3101048 is divided by 488?
296
Calculate the remainder when 44208212 is divided by 1898.
1894
What is the remainder when 23765660 is divided by 3105?
3095
What is the remainder when 20773807 is divided by 17?
11
What is the remainder when 528335 is divided by 11036?
9643
What is the remainder when 14087 is divided by 2482?
1677
What is the remainder when 545806 is divided by 1795?
126
What is the remainder when 120058187 is divided by 30?
17
Calculate the remainder when 12083 is divided by 2427.
2375
What is the remainder when 95267 is divided by 31508?
743
Calculate the remainder when 3550514 is divided by 15.
14
What is the remainder when 4300617 is divided by 1329?
1302
Calculate the remainder when 146656014 is divided by 11.
10
What is the remainder when 789819 is divided by 3510?
69
Calculate the remainder when 159134735 is divided by 15.
5
What is the remainder when 421681 is divided by 46?
45
What is the remainder when 59231 is divided by 7311?
743
What is the remainder when 11876715 is divided by 170?
5
What is the remainder when 509837 is divided by 254560?
717
What is the remainder when 2056641 is divided by 126?
69
Calculate the remainder when 4177949 is divided by 2135.
1889
Calculate the remainder when 3240175883 is divided by 4621.
4619
What is the remainder when 10509530 is divided by 54?
50
What is the remainder when 1643415297 is divided by 50?
47
What is the remainder when 46584 is divided by 172?
144
Calculate the remainder when 2606282 is divided by 2836.
2834
What is the remainder when 1118774 is divided by 1207?
1092
Calculate the remainder when 30716 is divided by 314.
258
What is the remainder when 143992377 is divided by 3612?
3609
What is the remainder when 15556407 is divided by 3413?
3366
What is the remainder when 19965869 is divided by 25?
19
Calculate the remainder when 81977 is divided by 1580.
1397
What is the remainder when 1353567 is divided by 6?
3
What is the remainder when 58693615 is divided by 341?
13
Calculate the remainder when 17197804 is divided by 7229.
13
What is the remainder when 1586501 is divided by 1663?
1662
Calculate the remainder when 901447 is divided by 827.
17
Calculate the remainder when 469002 is divided by 323.
6
Calculate the remainder when 6867131 is divided by 2289028.
47
What is the remainder when 6211046 is divided by 1175?
1171
Calculate the remainder when 1227326 is divided by 57.
2
What is the remainder when 337454 is divided by 244?
2
What is the remainder when 55879219 is divided by 482?
477
What is the remainder when 511509 is divided by 80?
69
What is the remainder when 5868225 is divided by 1367?
1061
What is the remainder when 489196 is divided by 1496?
4
Calculate the remainder when 573515 is divided by 1931.
8
Calculate the remainder when 22228805 is divided by 277860.
5
What is the remainder when 1635552 is divided by 544971?
639
Calculate the remainder when 5091890 is divided by 28.
6
What is the remainder when 51315521 is divided by 6?
5
Calculate the remainder when 2976311 is divided by 556.
43
Calculate the remainder when 9507573 is divided by 26.
23
Calculate the remainder when 78419 is divided by 29.
3
What is the remainder when 1310518 is divided by 261997?
533
Calculate the remainder when 8387564 is divided by 8585.
19
What is the remainder when 470564 is divided by 148?
72
What is the remainder when 376696 is divided by 68?
44
Calculate the remainder when 4552918 is divided by 2222.
40
What is the remainder when 65872689 is divided by 76?
69
Calculate the remainder when 3165500 is divided by 492.
464
What is the remainder when 14837820 is divided by 19?
17
Calculate the remainder when 19058753 is divided by 10553.
35
Calculate the remainder when 5223511 is divided by 2611747.
17
What is the remainder when 5595624 is divided by 1915?
1909
What is the remainder when 3010345 is divided by 6?
1
Calculate the remainder when 420644794 is divided by 25.
19
Calculate the remainder when 5980444 is divided by 98040.
4
Calculate the remainder when 40938170 is divided by 34.
28
What is the remainder when 27321116 is divided by 40?
36
Calculate the remainder when 12810412 is divided by 923.
95
Calculate the remainder when 28234865 is divided by 42845.
10
What is the remainder when 286962 is divided by 143367?
228
What is the remainder when 1211176 is divided by 605277?
622
Calculate the remainder when 3082861 is divided by 3433.
27
Calculate the remainder when 171743403 is divided by 85871693.
17
What is the remainder when 51302033 is divided by 6412753?
9
What is the remainder when 377120 is divided by 1803?
293
Calculate the remainder when 171480 is divided by 3405.
1230
Calculate the remainder when 982706 is divided by 6142.
6128
Calculate the remainder when 54905809 is divided by 347.
346
What is the remainder when 42110101 is divided by 355?
1
What is the remainder when 46095 is divided by 15316?
147
What is the remainder when 460499314 is divided by 41863573?
11
Calculate the remainder when 12694980 is divided by 1248.
324
Calculate the remainder when 156077 is divided by 52025.
2
What is the remainder when 148243 is divided by 6440?
123
Calculate the remainder when 122352 is divided by 30525.
252
Calculate the remainder when 361704 is divided by 481.
473
What is the remainder when 29211357 is divided by 102?
87
What is the remainder when 142460248 is divided by 1364?
1360
What is the remainder when 9715574 is divided by 35588?
50
What is the remainder when 1265182 is divided by 4068?
34
Calculate the remainder when 42984 is divided by 183.
162
What is the remainder when 142629 is divided by 28?
25
What is the remainder when 636576 is divided by 318288?
0
Calculate the remainder when 288904 is divided by 1267.
28
What is the remainder when 13989300 is divided by 635877?
6
Calculate the remainder when 468710 is divided by 6184.
4910
What is the remainder when 10099155 is divided by 153017?
33
What is the remainder when 1359586 is divided by 440?
426
What is the remainder when 110141249 is divided by 164?
161
What is the remainder when 62525 is divided by 8954?
8801
Calculate the remainder when 18336 is divided by 18304.
32
Calculate the remainder when 211953 is divided by 26134.
2881
Calculate the remainder when 19239761 is divided by 1544.
1521
Calculate the remainder when 167255882 is divided by 441.
17
What is the remainder when 2217053 is divided by 29?
3
Calculate the remainder when 16397810 is divided by 1434.
20
Calculate the remainder when 1702569 is divided by 1217.
1203
Calculate the remainder when 46342589 is divided by 8332.
5
Calculate the remainder when 17837561 is divided by 76886.
9
What is the remainder when 82702777 is divided by 20?
17
Calculate the remainder when 77956525 is divided by 46458.
1
What is the remainder when 36044193 is divided by 196?
185
What is the remainder when 528509 is divided by 160?
29
What is the remainder when 17448295 is divided by 143?
7
Calculate the remainder when 7862189 is divided by 14.
13
Calculate the remainder when 6125 is divided by 1223.
10
What is the remainder when 795029438 i